Suppose 2*v = -4 + 12, -4*v = -5*f - 76. Let i = f + 44. Let c = i + 7. Calculate the greatest common factor of c and 13.
13
Let h be (0 - 0)*(-8)/8. Suppose 4*k + k - 130 = h. What is the greatest common divisor of k and 286?
26
Suppose -2*y = 2 + 6. Let j be (0 - 2) + -2 + 1. Let a be y/6*18/j. What is the greatest common divisor of a and 10?
2
Let x be (1/2)/(1/4). Suppose -3*z = -2*u - 2, 5*u + 8 = 3*z + 3. Suppose 4*a = n + 68, z*a - x*n - 10 = -a. Calculate the highest common divisor of 198 and a.
18
Suppose 5*x = 2*g + 5 + 5, 2*x - 4*g - 4 = 0. Let d = -21 + 39. Calculate the greatest common factor of d and x.
2
Let f be ((-8)/(-3))/(15/90). Calculate the highest common divisor of f and 16.
16
Suppose -g = -0*g + 4, -5*g - 80 = 4*i. Let x be ((-18)/8)/(i/40). Calculate the highest common divisor of 12 and x.
6
Let t(y) = y**3 + y**2 + 54. Let c be t(0). Let v = c + -21. What is the greatest common factor of v and 22?
11
Suppose 4*n - 4 = 36. Let w(b) = 2*b - 4. Let s be w(n). What is the highest common divisor of s and 16?
16
Let d be (-1)/(-2)*(22 + 0). Let v = 8 + -6. Suppose -25 + 3 = -v*h. Calculate the highest common factor of h and d.
11
Let r(z) = 11*z - 1. Let i be r(-2). Let b be (-1)/1 - (11 + i). Let t = 385 - 264. What is the highest common divisor of b and t?
11
Let g = 7 + 0. What is the greatest common factor of 1 and g?
1
Let n = -7 - -10. Suppose 0 = n*i - 527 + 131. Let u(x) = 2*x + 2. Let r be u(5). What is the greatest common factor of i and r?
12
Let s(z) = 26*z**3 + z**2 + 2*z + 1. Let g be s(-1). Let q be (g/(-6))/((-3)/(-63)). Calculate the greatest common divisor of q and 13.
13
Suppose 38 - 178 = -5*t. Calculate the greatest common factor of t and 140.
28
Let b = -21 - -9. Let d = b - -18. Let w be 64/(-4)*d/(-4). Calculate the greatest common factor of 4 and w.
4
Suppose s = 2*v + 7, -2*v + 0*s + 4*s = 22. Let z be v/4*2*-2. What is the highest common factor of z and 11?
1
Suppose 5*m - 45 = -p, -3*m + 3*p = -6*m + 15. Suppose 3*a = 3*k - 24, 6*a + 20 = 4*k + 5*a. What is the highest common factor of k and m?
2
Suppose -8*o + 15 = -3*o - 2*c, 0 = -2*o + 5*c - 15. Suppose t + 25 = o*u - 4*t, 0 = u + t - 13. Let s = u + -4. What is the greatest common factor of s and 15?
5
Suppose 0 = 3*l - 6 - 0. Let i = l + 5. Calculate the greatest common factor of i and 28.
7
Suppose -m = 143 - 163. What is the highest common divisor of 4 and m?
4
Let x(z) = z**3 + 8*z**2 + 7*z + 3. Let i be x(-7). Suppose -i*p + 0*p = -135. What is the highest common divisor of p and 9?
9
Let w = 8 + -2. Suppose -4*d = -12, w*d - 5 = f + 3*d. Calculate the highest common factor of 12 and f.
4
Let o be ((-1)/2)/((-3)/(-6)). Let v = 4 - o. Suppose -6*w + v*w + 14 = 0. Calculate the highest common factor of 112 and w.
14
Let g be ((-42)/(-4))/(6/88). Suppose -4*q + g = -5*s, -4*s + 3*q - 122 = q. Let w be ((-9)/(-6))/((-3)/s). What is the greatest common divisor of 15 and w?
15
Let n be (-3 - (-5)/3)*-9. Let d be (70/(-15))/((-2)/36). Calculate the greatest common factor of n and d.
12
Suppose 2*v + 5 = 103. What is the greatest common factor of 7 and v?
7
Suppose 0*a + 13 = a. Let c(m) = -m**2 - 12*m + 17. Let f be c(-13). Let b be ((-429)/12)/((-1)/f). Calculate the greatest common factor of b and a.
13
Let z(l) = 5*l**3 + l**2. Suppose 2*w = -0*y - y, -2*w - 4*y - 12 = 0. Let c be z(w). Let p = 4 - 0. Calculate the greatest common divisor of c and p.
4
Let i be 11 + 9 + 1*2. Calculate the highest common factor of 154 and i.
22
Let z(k) = -k**2 + 10*k - 11. Let a be z(11). Let m = a + 33. Calculate the highest common factor of m and 11.
11
Let y = -61 - -125. What is the highest common divisor of 16 and y?
16
Let a be (-2)/2 + 1 + 0. Suppose -g + 102 = 5*j, -j + 3*g + 3 + 11 = a. Let n = 21 - 11. What is the greatest common divisor of n and j?
10
Suppose 3*p + 2 = 4*m, 42 = -4*p - p - 3*m. Let z be (-2 + -28)*p/18. Calculate the highest common factor of z and 2.
2
Let l(z) = 3*z + 17. Let t be l(-4). Calculate the highest common divisor of 15 and t.
5
Suppose -5*w + 12 = i, 3*w + 2*i = i + 6. Let p be -3 + (-42)/(-1) - w. Let h be (1 - -2) + p/1. What is the highest common factor of 13 and h?
13
Let p be ((-6)/2)/(21/(-49)). What is the greatest common factor of 105 and p?
7
Let u = 0 - 2. Let o(n) = n. Let r be o(6). Let g = r - u. What is the greatest common factor of g and 24?
8
Suppose 23*z - 463 = 66. Suppose 2*o - 70 = -24. What is the greatest common divisor of o and z?
23
Let d be 0/(-2) - (-38 - 2). Let m be -13 - (-6)/(1 + 1). Let i = 10 - m. What is the highest common factor of d and i?
20
Suppose -m = 2*m - 5*w + 244, -3*m - 224 = 5*w. Let c be (-739)/(-13) - 12/m. What is the greatest common factor of 38 and c?
19
Suppose 0 = -9*d + 11*d - 40. Calculate the greatest common factor of 5 and d.
5
Suppose -4*p - 5*s = -0*s - 521, s + 491 = 4*p. Calculate the highest common divisor of 62 and p.
62
Let l be 15/25*(6 - 1). Let d be (-1 + l)*18/4. Let j be (-328)/(-4) + 1*-1. What is the greatest common factor of j and d?
9
Suppose -g + 5 - 3 = 0. Suppose -2*a + g + 26 = 0. Let r be ((-140)/(-5))/(2/9). What is the highest common factor of r and a?
14
Suppose 3*c + p - 40 = -c, 0 = 3*c - 4*p - 11. Let b = -110 + 155. What is the highest common divisor of c and b?
9
Let p(s) = s**2 + 6 - s - s**2 - s**3 - 3*s**2 + 5*s. Let j be p(-4). Let h be ((-4)/j)/((-4)/18). Calculate the greatest common divisor of 9 and h.
3
Let y(a) = -136*a - 1. Let t be y(-1). Let v(s) = -s**2 - 12*s. Let r be v(-12). Suppose r = -2*f + 12 + 18. Calculate the greatest common factor of f and t.
15
Suppose 6 = 4*a - 2. Suppose -a = -u + 4. What is the greatest common factor of u and 54?
6
Suppose 4*i + 133 = 565. Calculate the greatest common divisor of 18 and i.
18
Suppose 0 = -0*i + 7*i - 693. What is the highest common divisor of i and 22?
11
Let a be (-3 - -5) + 5 - 1. Suppose -75 = 3*l - a*l. Calculate the highest common factor of l and 5.
5
Suppose 4*d - 7 = 25. Suppose -100 = -d*g + 3*g. Let h be -206*2/(-4) + -3. What is the greatest common divisor of h and g?
20
Let t = 6 - 2. Suppose -2*h = -3*q - 2, t*h + q - 18 + 0 = 0. What is the highest common divisor of 1 and h?
1
Let u be (-136)/(-12)*3/2. Let c = u + -14. Suppose -96 = v - 5*v. What is the highest common factor of v and c?
3
Suppose -26 = -2*a - 2*o, 2*o - 3*o + 33 = 3*a. What is the highest common factor of 90 and a?
10
Suppose 0 = j + 3*j - 2*f - 162, -5*j + 4*f = -207. Let n be ((-18)/(-5) - (0 + 1))*5. Calculate the greatest common factor of j and n.
13
Let a(c) = 3*c + 27. Let u(t) = 4*t + 41. Let f(r) = -7*a(r) + 5*u(r). Let y be f(13). What is the greatest common factor of y and 2?
1
Suppose 0 = -5*w + 25, 0 = 2*d + 3*d + 3*w - 470. What is the highest common divisor of d and 13?
13
Let f(u) = -10*u - 2. Let n be f(-2). Let z(k) = 264*k + 3. Let t be z(3). Suppose p + 3*p - t = 3*r, 4*r = -4. What is the highest common factor of n and p?
18
Let l(j) = -3*j**3 + j**2 + 3*j + 2. Let s be l(-2). Calculate the highest common divisor of 3 and s.
3
Suppose -2*a = 2*a. Let w = 5 + a. What is the highest common divisor of w and 20?
5
Suppose 7*x - 127 - 146 = 0. What is the greatest common factor of 65 and x?
13
Let t(p) = -p**2 - 23*p + 17. Let h be t(-12). Suppose -3*a + h = 5*l, -4*l = 3*a - a - 100. What is the highest common divisor of 32 and a?
16
Let m = 11 - 8. Suppose -2*v + 3*v - 7 = -2*a, -m*a + 8 = v. Let q(l) = -2*l**3 - 3*l**2 - l - 1. Let z be q(-2). What is the highest common factor of v and z?
5
Let f(t) = t**3 - 6*t**2 + 4*t + 7. Let v be f(6). What is the greatest common divisor of 155 and v?
31
Suppose 0 = -4*x + 9*x - 200. Suppose 50 + x = 3*c. Let d be (-62)/(-5) - (-4)/(-10). What is the highest common divisor of d and c?
6
Let b(l) = l**3 - 9*l**2 + 7*l + 8. Let n be b(8). Suppose n = -5*t - 0*t + 30. Calculate the highest common factor of 15 and t.
3
Suppose 3*n - 97 - 26 = 0. What is the highest common factor of 369 and n?
41
Let l = -51 - -70. Calculate the greatest common factor of 133 and l.
19
Suppose -d = -7*s + 3*s - 34, 0 = 3*d + 3*s - 27. Suppose -5*t + 350 = -2*f, -2*t + f - 2*f = -140. What is the greatest common factor of d and t?
14
Suppose -f - 96 = -3*f